{"id":6025,"date":"2026-03-10T15:37:39","date_gmt":"2026-03-10T14:37:39","guid":{"rendered":"https:\/\/www.vitalibera.org\/community\/?post_type=encyclopedia&#038;p=6025"},"modified":"2026-03-10T15:37:39","modified_gmt":"2026-03-10T14:37:39","slug":"amygdala","status":"publish","type":"encyclopedia","link":"https:\/\/www.vitalibera.org\/community\/enzyklopaedie\/amygdala\/","title":{"rendered":"Amygdala"},"content":{"rendered":"<p><mark class=\"HxTRcb\" data-sfc-cb=\"\">Die Amygdala (Mandelkern) ist ein paariges Kerngebiet im <a href=\"https:\/\/www.vitalibera.org\/community\/enzyklopaedie\/temporallappen\/\" target=\"_self\" title=\"Der Temporallappen (Schl&auml;fenlappen) ist ein&nbsp;zentraler Bereich des Gro&szlig;hirns, gelegen seitlich unterhalb des Frontal- und Parietallappens. Er ist essenziell f&uuml;r die auditive Wahrnehmung (H&ouml;ren), das Sprachverst&auml;ndnis (Wernicke-Zentrum), das Langzeitged&auml;chtnis sowie die emotionale Verarbeitung und das Erkennen von Gesichtern oder Objekten. Hauptfunktionen des Temporallappens: Auditorische Verarbeitung:&nbsp;Beinhaltet das prim&auml;re H&ouml;rzentrum zur Verarbeitung von Kl&auml;ngen. Sprachverst&auml;ndnis:&nbsp;Das Wernicke-Sprachzentrum (meist links)&hellip;\" class=\"encyclopedia\">Temporallappen<\/a> des Gehirns und Teil des&nbsp;<span data-wiz-uids=\"Pyj0Ue_a\" data-sfc-cb=\"\"><a class=\"GI370e\" href=\"https:\/\/www.google.com\/search?q=limbischen+Systems&amp;sca_esv=d5b743858feb4559&amp;biw=1920&amp;bih=911&amp;sxsrf=ANbL-n521TuVQR--AcTSIslDpCgOiFDnXA%3A1773153160016&amp;ei=iCuwaehf2rmL6A-34aL5Dw&amp;ved=2ahUKEwiFuPiQx5WTAxUIR_4FHVUdLaUQgK4QegYIAAgAEAQ&amp;uact=5&amp;oq=Amygdala+&amp;gs_lp=Egxnd3Mtd2l6LXNlcnAiCUFteWdkYWxhIDIFEAAYgAQyBRAAGIAEMgUQABiABDIFEAAYgAQyBRAAGIAEMgUQABiABDIFEAAYgAQyBRAAGIAEMgUQABiABDIFEAAYgARI5wVQAFgAcAB4AZABAJgBVaABVaoBATG4AQPIAQD4AQL4AQGYAgGgAlyYAwCSBwExoAeFBbIHATG4B1zCBwMyLTHIBwWACAA&amp;sclient=gws-wiz-serp\" data-ved=\"2ahUKEwiFuPiQx5WTAxUIR_4FHVUdLaUQgK4QegYIAAgAEAQ\" data-hveid=\"CAAIABAE\">limbischen Systems<\/a><\/span><\/mark>. Sie fungiert als zentrales emotionales Bewertungszentrum, insbesondere f&uuml;r Angst, Furcht, Wut sowie die &ldquo;Kampf-oder-Flucht&rdquo;-Reaktion. Zudem ist sie entscheidend f&uuml;r das emotionale Ged&auml;chtnis und die Verarbeitung sensorischer Reize.<\/p>\n","protected":false},"excerpt":{"rendered":"<p>Die Amygdala (Mandelkern) ist ein paariges Kerngebiet im Temporallappen des Gehirns und Teil des\u00a0limbischen Systems. Sie fungiert als zentrales emotionales Bewertungszentrum, insbesondere f\u00fcr Angst, Furcht, Wut sowie die &#8220;Kampf-oder-Flucht&#8221;-Reaktion. Zudem ist sie entscheidend f\u00fcr das emotionale Ged\u00e4chtnis und die Verarbeitung sensorischer Reize.<\/p>\n","protected":false},"author":1,"template":"","encyclopedia-tag":[],"class_list":["post-6025","encyclopedia","type-encyclopedia","status-publish","hentry"],"yoast_head":"<!-- This site is optimized with the Yoast SEO plugin v27.4 - https:\/\/yoast.com\/product\/yoast-seo-wordpress\/ -->\r\n<title>Amygdala - vitalibera.org<\/title>\r\n<meta name=\"description\" content=\"Die Amygdala (Mandelkern) ist ein paariges Kerngebiet im Temporallappen des Gehirns und Teil des limbischen Systems. Sie fungiert als zentrales emotionales Bewertungszentrum, insbesondere f\u00fcr Angst, Furcht, Wut sowie die &quot;Kampf-oder-Flucht&quot;-Reaktion. Zudem ist sie entscheidend f\u00fcr das emotionale Ged\u00e4chtnis und die Verarbeitung sensorischer Reize.\" \/>\r\n<meta name=\"robots\" content=\"index, follow, max-snippet:-1, max-image-preview:large, max-video-preview:-1\" \/>\r\n<link rel=\"canonical\" href=\"https:\/\/www.vitalibera.org\/community\/enzyklopaedie\/amygdala\/\" \/>\r\n<meta property=\"og:locale\" content=\"de_DE\" \/>\r\n<meta property=\"og:type\" content=\"article\" \/>\r\n<meta property=\"og:title\" content=\"Amygdala - vitalibera.org\" \/>\r\n<meta property=\"og:description\" content=\"Die Amygdala (Mandelkern) ist ein paariges Kerngebiet im Temporallappen des Gehirns und Teil des limbischen Systems. Sie fungiert als zentrales emotionales Bewertungszentrum, insbesondere f\u00fcr Angst, Furcht, Wut sowie die &quot;Kampf-oder-Flucht&quot;-Reaktion. Zudem ist sie entscheidend f\u00fcr das emotionale Ged\u00e4chtnis und die Verarbeitung sensorischer Reize.\" \/>\r\n<meta property=\"og:url\" content=\"https:\/\/www.vitalibera.org\/community\/enzyklopaedie\/amygdala\/\" \/>\r\n<meta property=\"og:site_name\" content=\"vitalibera.org\" \/>\r\n<meta property=\"article:publisher\" content=\"https:\/\/www.facebook.com\/groups\/2997085857140235\" \/>\r\n<meta name=\"twitter:card\" content=\"summary_large_image\" \/>\r\n<meta name=\"twitter:label1\" content=\"Gesch\u00e4tzte Lesezeit\" \/>\n\t<meta name=\"twitter:data1\" content=\"1\u00a0Minute\" \/>\r\n<script type=\"application\/ld+json\" class=\"yoast-schema-graph\">{\"@context\":\"https:\\\/\\\/schema.org\",\"@graph\":[{\"@type\":\"WebPage\",\"@id\":\"https:\\\/\\\/www.vitalibera.org\\\/community\\\/enzyklopaedie\\\/amygdala\\\/\",\"url\":\"https:\\\/\\\/www.vitalibera.org\\\/community\\\/enzyklopaedie\\\/amygdala\\\/\",\"name\":\"Amygdala - vitalibera.org\",\"isPartOf\":{\"@id\":\"https:\\\/\\\/www.vitalibera.org\\\/community\\\/#website\"},\"datePublished\":\"2026-03-10T14:37:39+00:00\",\"description\":\"Die Amygdala (Mandelkern) ist ein paariges Kerngebiet im Temporallappen des Gehirns und Teil des limbischen Systems. Sie fungiert als zentrales emotionales Bewertungszentrum, insbesondere f\u00fcr Angst, Furcht, Wut sowie die \\\"Kampf-oder-Flucht\\\"-Reaktion. Zudem ist sie entscheidend f\u00fcr das emotionale Ged\u00e4chtnis und die Verarbeitung sensorischer Reize.\",\"breadcrumb\":{\"@id\":\"https:\\\/\\\/www.vitalibera.org\\\/community\\\/enzyklopaedie\\\/amygdala\\\/#breadcrumb\"},\"inLanguage\":\"de\",\"potentialAction\":[{\"@type\":\"ReadAction\",\"target\":[\"https:\\\/\\\/www.vitalibera.org\\\/community\\\/enzyklopaedie\\\/amygdala\\\/\"]}]},{\"@type\":\"BreadcrumbList\",\"@id\":\"https:\\\/\\\/www.vitalibera.org\\\/community\\\/enzyklopaedie\\\/amygdala\\\/#breadcrumb\",\"itemListElement\":[{\"@type\":\"ListItem\",\"position\":1,\"name\":\"Startseite\",\"item\":\"https:\\\/\\\/www.vitalibera.org\\\/community\\\/\"},{\"@type\":\"ListItem\",\"position\":2,\"name\":\"Glossar\",\"item\":\"https:\\\/\\\/www.vitalibera.org\\\/community\\\/enzyklopaedie\\\/\"},{\"@type\":\"ListItem\",\"position\":3,\"name\":\"Amygdala\"}]},{\"@type\":\"WebSite\",\"@id\":\"https:\\\/\\\/www.vitalibera.org\\\/community\\\/#website\",\"url\":\"https:\\\/\\\/www.vitalibera.org\\\/community\\\/\",\"name\":\"vitalibera.org\",\"description\":\"Mit einer Einschr&auml;nkung gestaltet sich das Leben im Alltag oft schwieriger - hier berichten wir &uuml;ber unsere Erfahrungen und Hilfsmittel um den Alltag so unbeschwert und unkompliziert wie nur m&ouml;glich geniessen zu k&ouml;nnen. Dabei richten wir unseren Fokus gezielt auf Selbst&auml;ndigkeit, Eigenst&auml;ndigkeit und Selbstbestimmung.\",\"publisher\":{\"@id\":\"https:\\\/\\\/www.vitalibera.org\\\/community\\\/#organization\"},\"potentialAction\":[{\"@type\":\"SearchAction\",\"target\":{\"@type\":\"EntryPoint\",\"urlTemplate\":\"https:\\\/\\\/www.vitalibera.org\\\/community\\\/?s={search_term_string}\"},\"query-input\":{\"@type\":\"PropertyValueSpecification\",\"valueRequired\":true,\"valueName\":\"search_term_string\"}}],\"inLanguage\":\"de\"},{\"@type\":\"Organization\",\"@id\":\"https:\\\/\\\/www.vitalibera.org\\\/community\\\/#organization\",\"name\":\"vitalibera.org\",\"url\":\"https:\\\/\\\/www.vitalibera.org\\\/community\\\/\",\"logo\":{\"@type\":\"ImageObject\",\"inLanguage\":\"de\",\"@id\":\"https:\\\/\\\/www.vitalibera.org\\\/community\\\/#\\\/schema\\\/logo\\\/image\\\/\",\"url\":\"https:\\\/\\\/www.vitalibera.org\\\/community\\\/wp-content\\\/uploads\\\/2025\\\/09\\\/cropped-banner.png\",\"contentUrl\":\"https:\\\/\\\/www.vitalibera.org\\\/community\\\/wp-content\\\/uploads\\\/2025\\\/09\\\/cropped-banner.png\",\"width\":991,\"height\":150,\"caption\":\"vitalibera.org\"},\"image\":{\"@id\":\"https:\\\/\\\/www.vitalibera.org\\\/community\\\/#\\\/schema\\\/logo\\\/image\\\/\"},\"sameAs\":[\"https:\\\/\\\/www.facebook.com\\\/groups\\\/2997085857140235\"]}]}<\/script>\r\n<!-- \/ Yoast SEO plugin. -->","yoast_head_json":{"title":"Amygdala - vitalibera.org","description":"Die Amygdala (Mandelkern) ist ein paariges Kerngebiet im Temporallappen des Gehirns und Teil des limbischen Systems. Sie fungiert als zentrales emotionales Bewertungszentrum, insbesondere f\u00fcr Angst, Furcht, Wut sowie die \"Kampf-oder-Flucht\"-Reaktion. Zudem ist sie entscheidend f\u00fcr das emotionale Ged\u00e4chtnis und die Verarbeitung sensorischer Reize.","robots":{"index":"index","follow":"follow","max-snippet":"max-snippet:-1","max-image-preview":"max-image-preview:large","max-video-preview":"max-video-preview:-1"},"canonical":"https:\/\/www.vitalibera.org\/community\/enzyklopaedie\/amygdala\/","og_locale":"de_DE","og_type":"article","og_title":"Amygdala - vitalibera.org","og_description":"Die Amygdala (Mandelkern) ist ein paariges Kerngebiet im Temporallappen des Gehirns und Teil des limbischen Systems. Sie fungiert als zentrales emotionales Bewertungszentrum, insbesondere f\u00fcr Angst, Furcht, Wut sowie die \"Kampf-oder-Flucht\"-Reaktion. Zudem ist sie entscheidend f\u00fcr das emotionale Ged\u00e4chtnis und die Verarbeitung sensorischer Reize.","og_url":"https:\/\/www.vitalibera.org\/community\/enzyklopaedie\/amygdala\/","og_site_name":"vitalibera.org","article_publisher":"https:\/\/www.facebook.com\/groups\/2997085857140235","twitter_card":"summary_large_image","twitter_misc":{"Gesch\u00e4tzte Lesezeit":"1\u00a0Minute"},"schema":{"@context":"https:\/\/schema.org","@graph":[{"@type":"WebPage","@id":"https:\/\/www.vitalibera.org\/community\/enzyklopaedie\/amygdala\/","url":"https:\/\/www.vitalibera.org\/community\/enzyklopaedie\/amygdala\/","name":"Amygdala - vitalibera.org","isPartOf":{"@id":"https:\/\/www.vitalibera.org\/community\/#website"},"datePublished":"2026-03-10T14:37:39+00:00","description":"Die Amygdala (Mandelkern) ist ein paariges Kerngebiet im Temporallappen des Gehirns und Teil des limbischen Systems. Sie fungiert als zentrales emotionales Bewertungszentrum, insbesondere f\u00fcr Angst, Furcht, Wut sowie die \"Kampf-oder-Flucht\"-Reaktion. Zudem ist sie entscheidend f\u00fcr das emotionale Ged\u00e4chtnis und die Verarbeitung sensorischer Reize.","breadcrumb":{"@id":"https:\/\/www.vitalibera.org\/community\/enzyklopaedie\/amygdala\/#breadcrumb"},"inLanguage":"de","potentialAction":[{"@type":"ReadAction","target":["https:\/\/www.vitalibera.org\/community\/enzyklopaedie\/amygdala\/"]}]},{"@type":"BreadcrumbList","@id":"https:\/\/www.vitalibera.org\/community\/enzyklopaedie\/amygdala\/#breadcrumb","itemListElement":[{"@type":"ListItem","position":1,"name":"Startseite","item":"https:\/\/www.vitalibera.org\/community\/"},{"@type":"ListItem","position":2,"name":"Glossar","item":"https:\/\/www.vitalibera.org\/community\/enzyklopaedie\/"},{"@type":"ListItem","position":3,"name":"Amygdala"}]},{"@type":"WebSite","@id":"https:\/\/www.vitalibera.org\/community\/#website","url":"https:\/\/www.vitalibera.org\/community\/","name":"vitalibera.org","description":"Mit einer Einschr&auml;nkung gestaltet sich das Leben im Alltag oft schwieriger - hier berichten wir &uuml;ber unsere Erfahrungen und Hilfsmittel um den Alltag so unbeschwert und unkompliziert wie nur m&ouml;glich geniessen zu k&ouml;nnen. Dabei richten wir unseren Fokus gezielt auf Selbst&auml;ndigkeit, Eigenst&auml;ndigkeit und Selbstbestimmung.","publisher":{"@id":"https:\/\/www.vitalibera.org\/community\/#organization"},"potentialAction":[{"@type":"SearchAction","target":{"@type":"EntryPoint","urlTemplate":"https:\/\/www.vitalibera.org\/community\/?s={search_term_string}"},"query-input":{"@type":"PropertyValueSpecification","valueRequired":true,"valueName":"search_term_string"}}],"inLanguage":"de"},{"@type":"Organization","@id":"https:\/\/www.vitalibera.org\/community\/#organization","name":"vitalibera.org","url":"https:\/\/www.vitalibera.org\/community\/","logo":{"@type":"ImageObject","inLanguage":"de","@id":"https:\/\/www.vitalibera.org\/community\/#\/schema\/logo\/image\/","url":"https:\/\/www.vitalibera.org\/community\/wp-content\/uploads\/2025\/09\/cropped-banner.png","contentUrl":"https:\/\/www.vitalibera.org\/community\/wp-content\/uploads\/2025\/09\/cropped-banner.png","width":991,"height":150,"caption":"vitalibera.org"},"image":{"@id":"https:\/\/www.vitalibera.org\/community\/#\/schema\/logo\/image\/"},"sameAs":["https:\/\/www.facebook.com\/groups\/2997085857140235"]}]}},"jetpack_sharing_enabled":true,"_links":{"self":[{"href":"https:\/\/www.vitalibera.org\/community\/wp-json\/wp\/v2\/encyclopedia\/6025","targetHints":{"allow":["GET"]}}],"collection":[{"href":"https:\/\/www.vitalibera.org\/community\/wp-json\/wp\/v2\/encyclopedia"}],"about":[{"href":"https:\/\/www.vitalibera.org\/community\/wp-json\/wp\/v2\/types\/encyclopedia"}],"author":[{"embeddable":true,"href":"https:\/\/www.vitalibera.org\/community\/wp-json\/wp\/v2\/users\/1"}],"wp:attachment":[{"href":"https:\/\/www.vitalibera.org\/community\/wp-json\/wp\/v2\/media?parent=6025"}],"wp:term":[{"taxonomy":"encyclopedia-tag","embeddable":true,"href":"https:\/\/www.vitalibera.org\/community\/wp-json\/wp\/v2\/encyclopedia-tag?post=6025"}],"curies":[{"name":"wp","href":"https:\/\/api.w.org\/{rel}","templated":true}]}}

<p>Die Amygdala (Mandelkern) ist ein paariges Kerngebiet im Temporallappen des Gehirns und Teil des limbischen Systems. Sie fungiert als zentrales emotionales Bewertungszentrum, insbesondere für Angst, Furcht, Wut sowie die &#8220;Kampf-oder-Flucht&#8221;-Reaktion. Zudem ist sie entscheidend für das emotionale Gedächtnis und die Verarbeitung sensorischer Reize.</p>

<!-- This site is optimized with the Yoast SEO plugin v27.4 - https://yoast.com/product/yoast-seo-wordpress/ -->
<title>Amygdala - vitalibera.org</title>
<meta name="description" content="Die Amygdala (Mandelkern) ist ein paariges Kerngebiet im Temporallappen des Gehirns und Teil des limbischen Systems. Sie fungiert als zentrales emotionales Bewertungszentrum, insbesondere für Angst, Furcht, Wut sowie die &quot;Kampf-oder-Flucht&quot;-Reaktion. Zudem ist sie entscheidend für das emotionale Gedächtnis und die Verarbeitung sensorischer Reize." />
<meta name="robots" content="index, follow, max-snippet:-1, max-image-preview:large, max-video-preview:-1" />
<link rel="canonical" href="https://www.vitalibera.org/community/enzyklopaedie/amygdala/" />
<meta property="og:locale" content="de_DE" />
<meta property="og:type" content="article" />
<meta property="og:title" content="Amygdala - vitalibera.org" />
<meta property="og:description" content="Die Amygdala (Mandelkern) ist ein paariges Kerngebiet im Temporallappen des Gehirns und Teil des limbischen Systems. Sie fungiert als zentrales emotionales Bewertungszentrum, insbesondere für Angst, Furcht, Wut sowie die &quot;Kampf-oder-Flucht&quot;-Reaktion. Zudem ist sie entscheidend für das emotionale Gedächtnis und die Verarbeitung sensorischer Reize." />
<meta property="og:url" content="https://www.vitalibera.org/community/enzyklopaedie/amygdala/" />
<meta property="og:site_name" content="vitalibera.org" />
<meta property="article:publisher" content="https://www.facebook.com/groups/2997085857140235" />
<meta name="twitter:card" content="summary_large_image" />
<meta name="twitter:label1" content="Geschätzte Lesezeit" />
	<meta name="twitter:data1" content="1 Minute" />
<script type="application/ld+json" class="yoast-schema-graph">{"@context":"https:\/\/schema.org","@graph":[{"@type":"WebPage","@id":"https:\/\/www.vitalibera.org\/community\/enzyklopaedie\/amygdala\/","url":"https:\/\/www.vitalibera.org\/community\/enzyklopaedie\/amygdala\/","name":"Amygdala - vitalibera.org","isPartOf":{"@id":"https:\/\/www.vitalibera.org\/community\/#website"},"datePublished":"2026-03-10T14:37:39+00:00","description":"Die Amygdala (Mandelkern) ist ein paariges Kerngebiet im Temporallappen des Gehirns und Teil des limbischen Systems. Sie fungiert als zentrales emotionales Bewertungszentrum, insbesondere für Angst, Furcht, Wut sowie die \"Kampf-oder-Flucht\"-Reaktion. Zudem ist sie entscheidend für das emotionale Gedächtnis und die Verarbeitung sensorischer Reize.","breadcrumb":{"@id":"https:\/\/www.vitalibera.org\/community\/enzyklopaedie\/amygdala\/#breadcrumb"},"inLanguage":"de","potentialAction":[{"@type":"ReadAction","target":["https:\/\/www.vitalibera.org\/community\/enzyklopaedie\/amygdala\/"]}]},{"@type":"BreadcrumbList","@id":"https:\/\/www.vitalibera.org\/community\/enzyklopaedie\/amygdala\/#breadcrumb","itemListElement":[{"@type":"ListItem","position":1,"name":"Startseite","item":"https:\/\/www.vitalibera.org\/community\/"},{"@type":"ListItem","position":2,"name":"Glossar","item":"https:\/\/www.vitalibera.org\/community\/enzyklopaedie\/"},{"@type":"ListItem","position":3,"name":"Amygdala"}]},{"@type":"WebSite","@id":"https:\/\/www.vitalibera.org\/community\/#website","url":"https:\/\/www.vitalibera.org\/community\/","name":"vitalibera.org","description":"Mit einer Einschr&auml;nkung gestaltet sich das Leben im Alltag oft schwieriger - hier berichten wir &uuml;ber unsere Erfahrungen und Hilfsmittel um den Alltag so unbeschwert und unkompliziert wie nur m&ouml;glich geniessen zu k&ouml;nnen. Dabei richten wir unseren Fokus gezielt auf Selbst&auml;ndigkeit, Eigenst&auml;ndigkeit und Selbstbestimmung.","publisher":{"@id":"https:\/\/www.vitalibera.org\/community\/#organization"},"potentialAction":[{"@type":"SearchAction","target":{"@type":"EntryPoint","urlTemplate":"https:\/\/www.vitalibera.org\/community\/?s={search_term_string}"},"query-input":{"@type":"PropertyValueSpecification","valueRequired":true,"valueName":"search_term_string"}}],"inLanguage":"de"},{"@type":"Organization","@id":"https:\/\/www.vitalibera.org\/community\/#organization","name":"vitalibera.org","url":"https:\/\/www.vitalibera.org\/community\/","logo":{"@type":"ImageObject","inLanguage":"de","@id":"https:\/\/www.vitalibera.org\/community\/#\/schema\/logo\/image\/","url":"https:\/\/www.vitalibera.org\/community\/wp-content\/uploads\/2025\/09\/cropped-banner.png","contentUrl":"https:\/\/www.vitalibera.org\/community\/wp-content\/uploads\/2025\/09\/cropped-banner.png","width":991,"height":150,"caption":"vitalibera.org"},"image":{"@id":"https:\/\/www.vitalibera.org\/community\/#\/schema\/logo\/image\/"},"sameAs":["https:\/\/www.facebook.com\/groups\/2997085857140235"]}]}</script>
<!-- / Yoast SEO plugin. -->

Die Amygdala (Mandelkern) ist ein paariges Kerngebiet im Temporallappen des Gehirns und Teil des limbischen Systems. Sie fungiert als zentrales emotionales Bewertungszentrum, insbesondere für Angst, Furcht, Wut sowie die "Kampf-oder-Flucht"-Reaktion. Zudem ist sie entscheidend für das emotionale Gedächtnis und die Verarbeitung sensorischer Reize.
