{"id":6357,"date":"2026-03-24T23:33:40","date_gmt":"2026-03-24T22:33:40","guid":{"rendered":"https:\/\/www.vitalibera.org\/community\/?post_type=encyclopedia&#038;p=6357"},"modified":"2026-03-24T23:33:40","modified_gmt":"2026-03-24T22:33:40","slug":"bem","status":"publish","type":"encyclopedia","link":"https:\/\/www.vitalibera.org\/community\/enzyklopaedie\/bem\/","title":{"rendered":"BEM"},"content":{"rendered":"<p>Das&nbsp;<mark class=\"HxTRcb\" data-sfc-root=\"c\" data-sfc-cb=\"\" data-processed=\"true\">Betriebliche Eingliederungsmanagement<\/mark>&nbsp;(BEM) ist ein gesetzlich vorgeschriebenes Verfahren (&sect; 167 Abs. 2 SGB IX) in Deutschland. Es verpflichtet Arbeitgeber, Besch&auml;ftigten, die innerhalb eines Jahres l&auml;nger als sechs Wochen ununterbrochen oder wiederholt arbeitsunf&auml;hig sind, Ma&szlig;nahmen anzubieten, um Arbeitsunf&auml;higkeit zu &uuml;berwinden, erneuter vorzubeugen und den Arbeitsplatz zu erhalten.<\/p>\n","protected":false},"excerpt":{"rendered":"<p>Das\u00a0Betriebliche Eingliederungsmanagement\u00a0(BEM) ist ein gesetzlich vorgeschriebenes Verfahren (\u00a7 167 Abs. 2 SGB IX) in Deutschland. Es verpflichtet Arbeitgeber, Besch\u00e4ftigten, die innerhalb eines Jahres l\u00e4nger als sechs Wochen ununterbrochen oder wiederholt arbeitsunf\u00e4hig sind, Ma\u00dfnahmen anzubieten, um Arbeitsunf\u00e4higkeit zu \u00fcberwinden, erneuter vorzubeugen und den Arbeitsplatz zu erhalten.<\/p>\n","protected":false},"author":1,"template":"","encyclopedia-tag":[],"class_list":["post-6357","encyclopedia","type-encyclopedia","status-publish","hentry"],"yoast_head":"<!-- This site is optimized with the Yoast SEO plugin v27.4 - https:\/\/yoast.com\/product\/yoast-seo-wordpress\/ -->\r\n<title>BEM - vitalibera.org<\/title>\r\n<meta name=\"description\" content=\"Das\u00a0Betriebliche Eingliederungsmanagement\u00a0(BEM) ist ein gesetzlich vorgeschriebenes Verfahren (\u00a7 167 Abs. 2 SGB IX) in Deutschland. Es verpflichtet Arbeitgeber, Besch\u00e4ftigten, die innerhalb eines Jahres l\u00e4nger als sechs Wochen ununterbrochen oder wiederholt arbeitsunf\u00e4hig sind, Ma\u00dfnahmen anzubieten, um Arbeitsunf\u00e4higkeit zu \u00fcberwinden, erneuter vorzubeugen und den Arbeitsplatz zu erhalten.\" \/>\r\n<meta name=\"robots\" content=\"index, follow, max-snippet:-1, max-image-preview:large, max-video-preview:-1\" \/>\r\n<link rel=\"canonical\" href=\"https:\/\/www.vitalibera.org\/community\/enzyklopaedie\/bem\/\" \/>\r\n<meta property=\"og:locale\" content=\"de_DE\" \/>\r\n<meta property=\"og:type\" content=\"article\" \/>\r\n<meta property=\"og:title\" content=\"BEM - vitalibera.org\" \/>\r\n<meta property=\"og:description\" content=\"Das\u00a0Betriebliche Eingliederungsmanagement\u00a0(BEM) ist ein gesetzlich vorgeschriebenes Verfahren (\u00a7 167 Abs. 2 SGB IX) in Deutschland. Es verpflichtet Arbeitgeber, Besch\u00e4ftigten, die innerhalb eines Jahres l\u00e4nger als sechs Wochen ununterbrochen oder wiederholt arbeitsunf\u00e4hig sind, Ma\u00dfnahmen anzubieten, um Arbeitsunf\u00e4higkeit zu \u00fcberwinden, erneuter vorzubeugen und den Arbeitsplatz zu erhalten.\" \/>\r\n<meta property=\"og:url\" content=\"https:\/\/www.vitalibera.org\/community\/enzyklopaedie\/bem\/\" \/>\r\n<meta property=\"og:site_name\" content=\"vitalibera.org\" \/>\r\n<meta property=\"article:publisher\" content=\"https:\/\/www.facebook.com\/groups\/2997085857140235\" \/>\r\n<meta name=\"twitter:card\" content=\"summary_large_image\" \/>\r\n<meta name=\"twitter:label1\" content=\"Gesch\u00e4tzte Lesezeit\" \/>\n\t<meta name=\"twitter:data1\" content=\"1\u00a0Minute\" \/>\r\n<script type=\"application\/ld+json\" class=\"yoast-schema-graph\">{\"@context\":\"https:\\\/\\\/schema.org\",\"@graph\":[{\"@type\":\"WebPage\",\"@id\":\"https:\\\/\\\/www.vitalibera.org\\\/community\\\/enzyklopaedie\\\/bem\\\/\",\"url\":\"https:\\\/\\\/www.vitalibera.org\\\/community\\\/enzyklopaedie\\\/bem\\\/\",\"name\":\"BEM - vitalibera.org\",\"isPartOf\":{\"@id\":\"https:\\\/\\\/www.vitalibera.org\\\/community\\\/#website\"},\"datePublished\":\"2026-03-24T22:33:40+00:00\",\"description\":\"Das\u00a0Betriebliche Eingliederungsmanagement\u00a0(BEM) ist ein gesetzlich vorgeschriebenes Verfahren (\u00a7 167 Abs. 2 SGB IX) in Deutschland. Es verpflichtet Arbeitgeber, Besch\u00e4ftigten, die innerhalb eines Jahres l\u00e4nger als sechs Wochen ununterbrochen oder wiederholt arbeitsunf\u00e4hig sind, Ma\u00dfnahmen anzubieten, um Arbeitsunf\u00e4higkeit zu \u00fcberwinden, erneuter vorzubeugen und den Arbeitsplatz zu erhalten.\",\"breadcrumb\":{\"@id\":\"https:\\\/\\\/www.vitalibera.org\\\/community\\\/enzyklopaedie\\\/bem\\\/#breadcrumb\"},\"inLanguage\":\"de\",\"potentialAction\":[{\"@type\":\"ReadAction\",\"target\":[\"https:\\\/\\\/www.vitalibera.org\\\/community\\\/enzyklopaedie\\\/bem\\\/\"]}]},{\"@type\":\"BreadcrumbList\",\"@id\":\"https:\\\/\\\/www.vitalibera.org\\\/community\\\/enzyklopaedie\\\/bem\\\/#breadcrumb\",\"itemListElement\":[{\"@type\":\"ListItem\",\"position\":1,\"name\":\"Startseite\",\"item\":\"https:\\\/\\\/www.vitalibera.org\\\/community\\\/\"},{\"@type\":\"ListItem\",\"position\":2,\"name\":\"Glossar\",\"item\":\"https:\\\/\\\/www.vitalibera.org\\\/community\\\/enzyklopaedie\\\/\"},{\"@type\":\"ListItem\",\"position\":3,\"name\":\"BEM\"}]},{\"@type\":\"WebSite\",\"@id\":\"https:\\\/\\\/www.vitalibera.org\\\/community\\\/#website\",\"url\":\"https:\\\/\\\/www.vitalibera.org\\\/community\\\/\",\"name\":\"vitalibera.org\",\"description\":\"Mit einer Einschr&auml;nkung gestaltet sich das Leben im Alltag oft schwieriger - hier berichten wir &uuml;ber unsere Erfahrungen und Hilfsmittel um den Alltag so unbeschwert und unkompliziert wie nur m&ouml;glich geniessen zu k&ouml;nnen. Dabei richten wir unseren Fokus gezielt auf Selbst&auml;ndigkeit, Eigenst&auml;ndigkeit und Selbstbestimmung.\",\"publisher\":{\"@id\":\"https:\\\/\\\/www.vitalibera.org\\\/community\\\/#organization\"},\"potentialAction\":[{\"@type\":\"SearchAction\",\"target\":{\"@type\":\"EntryPoint\",\"urlTemplate\":\"https:\\\/\\\/www.vitalibera.org\\\/community\\\/?s={search_term_string}\"},\"query-input\":{\"@type\":\"PropertyValueSpecification\",\"valueRequired\":true,\"valueName\":\"search_term_string\"}}],\"inLanguage\":\"de\"},{\"@type\":\"Organization\",\"@id\":\"https:\\\/\\\/www.vitalibera.org\\\/community\\\/#organization\",\"name\":\"vitalibera.org\",\"url\":\"https:\\\/\\\/www.vitalibera.org\\\/community\\\/\",\"logo\":{\"@type\":\"ImageObject\",\"inLanguage\":\"de\",\"@id\":\"https:\\\/\\\/www.vitalibera.org\\\/community\\\/#\\\/schema\\\/logo\\\/image\\\/\",\"url\":\"https:\\\/\\\/www.vitalibera.org\\\/community\\\/wp-content\\\/uploads\\\/2025\\\/09\\\/cropped-banner.png\",\"contentUrl\":\"https:\\\/\\\/www.vitalibera.org\\\/community\\\/wp-content\\\/uploads\\\/2025\\\/09\\\/cropped-banner.png\",\"width\":991,\"height\":150,\"caption\":\"vitalibera.org\"},\"image\":{\"@id\":\"https:\\\/\\\/www.vitalibera.org\\\/community\\\/#\\\/schema\\\/logo\\\/image\\\/\"},\"sameAs\":[\"https:\\\/\\\/www.facebook.com\\\/groups\\\/2997085857140235\"]}]}<\/script>\r\n<!-- \/ Yoast SEO plugin. -->","yoast_head_json":{"title":"BEM - vitalibera.org","description":"Das\u00a0Betriebliche Eingliederungsmanagement\u00a0(BEM) ist ein gesetzlich vorgeschriebenes Verfahren (\u00a7 167 Abs. 2 SGB IX) in Deutschland. Es verpflichtet Arbeitgeber, Besch\u00e4ftigten, die innerhalb eines Jahres l\u00e4nger als sechs Wochen ununterbrochen oder wiederholt arbeitsunf\u00e4hig sind, Ma\u00dfnahmen anzubieten, um Arbeitsunf\u00e4higkeit zu \u00fcberwinden, erneuter vorzubeugen und den Arbeitsplatz zu erhalten.","robots":{"index":"index","follow":"follow","max-snippet":"max-snippet:-1","max-image-preview":"max-image-preview:large","max-video-preview":"max-video-preview:-1"},"canonical":"https:\/\/www.vitalibera.org\/community\/enzyklopaedie\/bem\/","og_locale":"de_DE","og_type":"article","og_title":"BEM - vitalibera.org","og_description":"Das\u00a0Betriebliche Eingliederungsmanagement\u00a0(BEM) ist ein gesetzlich vorgeschriebenes Verfahren (\u00a7 167 Abs. 2 SGB IX) in Deutschland. Es verpflichtet Arbeitgeber, Besch\u00e4ftigten, die innerhalb eines Jahres l\u00e4nger als sechs Wochen ununterbrochen oder wiederholt arbeitsunf\u00e4hig sind, Ma\u00dfnahmen anzubieten, um Arbeitsunf\u00e4higkeit zu \u00fcberwinden, erneuter vorzubeugen und den Arbeitsplatz zu erhalten.","og_url":"https:\/\/www.vitalibera.org\/community\/enzyklopaedie\/bem\/","og_site_name":"vitalibera.org","article_publisher":"https:\/\/www.facebook.com\/groups\/2997085857140235","twitter_card":"summary_large_image","twitter_misc":{"Gesch\u00e4tzte Lesezeit":"1\u00a0Minute"},"schema":{"@context":"https:\/\/schema.org","@graph":[{"@type":"WebPage","@id":"https:\/\/www.vitalibera.org\/community\/enzyklopaedie\/bem\/","url":"https:\/\/www.vitalibera.org\/community\/enzyklopaedie\/bem\/","name":"BEM - vitalibera.org","isPartOf":{"@id":"https:\/\/www.vitalibera.org\/community\/#website"},"datePublished":"2026-03-24T22:33:40+00:00","description":"Das\u00a0Betriebliche Eingliederungsmanagement\u00a0(BEM) ist ein gesetzlich vorgeschriebenes Verfahren (\u00a7 167 Abs. 2 SGB IX) in Deutschland. Es verpflichtet Arbeitgeber, Besch\u00e4ftigten, die innerhalb eines Jahres l\u00e4nger als sechs Wochen ununterbrochen oder wiederholt arbeitsunf\u00e4hig sind, Ma\u00dfnahmen anzubieten, um Arbeitsunf\u00e4higkeit zu \u00fcberwinden, erneuter vorzubeugen und den Arbeitsplatz zu erhalten.","breadcrumb":{"@id":"https:\/\/www.vitalibera.org\/community\/enzyklopaedie\/bem\/#breadcrumb"},"inLanguage":"de","potentialAction":[{"@type":"ReadAction","target":["https:\/\/www.vitalibera.org\/community\/enzyklopaedie\/bem\/"]}]},{"@type":"BreadcrumbList","@id":"https:\/\/www.vitalibera.org\/community\/enzyklopaedie\/bem\/#breadcrumb","itemListElement":[{"@type":"ListItem","position":1,"name":"Startseite","item":"https:\/\/www.vitalibera.org\/community\/"},{"@type":"ListItem","position":2,"name":"Glossar","item":"https:\/\/www.vitalibera.org\/community\/enzyklopaedie\/"},{"@type":"ListItem","position":3,"name":"BEM"}]},{"@type":"WebSite","@id":"https:\/\/www.vitalibera.org\/community\/#website","url":"https:\/\/www.vitalibera.org\/community\/","name":"vitalibera.org","description":"Mit einer Einschr&auml;nkung gestaltet sich das Leben im Alltag oft schwieriger - hier berichten wir &uuml;ber unsere Erfahrungen und Hilfsmittel um den Alltag so unbeschwert und unkompliziert wie nur m&ouml;glich geniessen zu k&ouml;nnen. Dabei richten wir unseren Fokus gezielt auf Selbst&auml;ndigkeit, Eigenst&auml;ndigkeit und Selbstbestimmung.","publisher":{"@id":"https:\/\/www.vitalibera.org\/community\/#organization"},"potentialAction":[{"@type":"SearchAction","target":{"@type":"EntryPoint","urlTemplate":"https:\/\/www.vitalibera.org\/community\/?s={search_term_string}"},"query-input":{"@type":"PropertyValueSpecification","valueRequired":true,"valueName":"search_term_string"}}],"inLanguage":"de"},{"@type":"Organization","@id":"https:\/\/www.vitalibera.org\/community\/#organization","name":"vitalibera.org","url":"https:\/\/www.vitalibera.org\/community\/","logo":{"@type":"ImageObject","inLanguage":"de","@id":"https:\/\/www.vitalibera.org\/community\/#\/schema\/logo\/image\/","url":"https:\/\/www.vitalibera.org\/community\/wp-content\/uploads\/2025\/09\/cropped-banner.png","contentUrl":"https:\/\/www.vitalibera.org\/community\/wp-content\/uploads\/2025\/09\/cropped-banner.png","width":991,"height":150,"caption":"vitalibera.org"},"image":{"@id":"https:\/\/www.vitalibera.org\/community\/#\/schema\/logo\/image\/"},"sameAs":["https:\/\/www.facebook.com\/groups\/2997085857140235"]}]}},"jetpack_sharing_enabled":true,"_links":{"self":[{"href":"https:\/\/www.vitalibera.org\/community\/wp-json\/wp\/v2\/encyclopedia\/6357","targetHints":{"allow":["GET"]}}],"collection":[{"href":"https:\/\/www.vitalibera.org\/community\/wp-json\/wp\/v2\/encyclopedia"}],"about":[{"href":"https:\/\/www.vitalibera.org\/community\/wp-json\/wp\/v2\/types\/encyclopedia"}],"author":[{"embeddable":true,"href":"https:\/\/www.vitalibera.org\/community\/wp-json\/wp\/v2\/users\/1"}],"wp:attachment":[{"href":"https:\/\/www.vitalibera.org\/community\/wp-json\/wp\/v2\/media?parent=6357"}],"wp:term":[{"taxonomy":"encyclopedia-tag","embeddable":true,"href":"https:\/\/www.vitalibera.org\/community\/wp-json\/wp\/v2\/encyclopedia-tag?post=6357"}],"curies":[{"name":"wp","href":"https:\/\/api.w.org\/{rel}","templated":true}]}}

<p>Das Betriebliche Eingliederungsmanagement (BEM) ist ein gesetzlich vorgeschriebenes Verfahren (§ 167 Abs. 2 SGB IX) in Deutschland. Es verpflichtet Arbeitgeber, Beschäftigten, die innerhalb eines Jahres länger als sechs Wochen ununterbrochen oder wiederholt arbeitsunfähig sind, Maßnahmen anzubieten, um Arbeitsunfähigkeit zu überwinden, erneuter vorzubeugen und den Arbeitsplatz zu erhalten.</p>

<!-- This site is optimized with the Yoast SEO plugin v27.4 - https://yoast.com/product/yoast-seo-wordpress/ -->
<title>BEM - vitalibera.org</title>
<meta name="description" content="Das Betriebliche Eingliederungsmanagement (BEM) ist ein gesetzlich vorgeschriebenes Verfahren (§ 167 Abs. 2 SGB IX) in Deutschland. Es verpflichtet Arbeitgeber, Beschäftigten, die innerhalb eines Jahres länger als sechs Wochen ununterbrochen oder wiederholt arbeitsunfähig sind, Maßnahmen anzubieten, um Arbeitsunfähigkeit zu überwinden, erneuter vorzubeugen und den Arbeitsplatz zu erhalten." />
<meta name="robots" content="index, follow, max-snippet:-1, max-image-preview:large, max-video-preview:-1" />
<link rel="canonical" href="https://www.vitalibera.org/community/enzyklopaedie/bem/" />
<meta property="og:locale" content="de_DE" />
<meta property="og:type" content="article" />
<meta property="og:title" content="BEM - vitalibera.org" />
<meta property="og:description" content="Das Betriebliche Eingliederungsmanagement (BEM) ist ein gesetzlich vorgeschriebenes Verfahren (§ 167 Abs. 2 SGB IX) in Deutschland. Es verpflichtet Arbeitgeber, Beschäftigten, die innerhalb eines Jahres länger als sechs Wochen ununterbrochen oder wiederholt arbeitsunfähig sind, Maßnahmen anzubieten, um Arbeitsunfähigkeit zu überwinden, erneuter vorzubeugen und den Arbeitsplatz zu erhalten." />
<meta property="og:url" content="https://www.vitalibera.org/community/enzyklopaedie/bem/" />
<meta property="og:site_name" content="vitalibera.org" />
<meta property="article:publisher" content="https://www.facebook.com/groups/2997085857140235" />
<meta name="twitter:card" content="summary_large_image" />
<meta name="twitter:label1" content="Geschätzte Lesezeit" />
	<meta name="twitter:data1" content="1 Minute" />
<script type="application/ld+json" class="yoast-schema-graph">{"@context":"https:\/\/schema.org","@graph":[{"@type":"WebPage","@id":"https:\/\/www.vitalibera.org\/community\/enzyklopaedie\/bem\/","url":"https:\/\/www.vitalibera.org\/community\/enzyklopaedie\/bem\/","name":"BEM - vitalibera.org","isPartOf":{"@id":"https:\/\/www.vitalibera.org\/community\/#website"},"datePublished":"2026-03-24T22:33:40+00:00","description":"Das Betriebliche Eingliederungsmanagement (BEM) ist ein gesetzlich vorgeschriebenes Verfahren (§ 167 Abs. 2 SGB IX) in Deutschland. Es verpflichtet Arbeitgeber, Beschäftigten, die innerhalb eines Jahres länger als sechs Wochen ununterbrochen oder wiederholt arbeitsunfähig sind, Maßnahmen anzubieten, um Arbeitsunfähigkeit zu überwinden, erneuter vorzubeugen und den Arbeitsplatz zu erhalten.","breadcrumb":{"@id":"https:\/\/www.vitalibera.org\/community\/enzyklopaedie\/bem\/#breadcrumb"},"inLanguage":"de","potentialAction":[{"@type":"ReadAction","target":["https:\/\/www.vitalibera.org\/community\/enzyklopaedie\/bem\/"]}]},{"@type":"BreadcrumbList","@id":"https:\/\/www.vitalibera.org\/community\/enzyklopaedie\/bem\/#breadcrumb","itemListElement":[{"@type":"ListItem","position":1,"name":"Startseite","item":"https:\/\/www.vitalibera.org\/community\/"},{"@type":"ListItem","position":2,"name":"Glossar","item":"https:\/\/www.vitalibera.org\/community\/enzyklopaedie\/"},{"@type":"ListItem","position":3,"name":"BEM"}]},{"@type":"WebSite","@id":"https:\/\/www.vitalibera.org\/community\/#website","url":"https:\/\/www.vitalibera.org\/community\/","name":"vitalibera.org","description":"Mit einer Einschr&auml;nkung gestaltet sich das Leben im Alltag oft schwieriger - hier berichten wir &uuml;ber unsere Erfahrungen und Hilfsmittel um den Alltag so unbeschwert und unkompliziert wie nur m&ouml;glich geniessen zu k&ouml;nnen. Dabei richten wir unseren Fokus gezielt auf Selbst&auml;ndigkeit, Eigenst&auml;ndigkeit und Selbstbestimmung.","publisher":{"@id":"https:\/\/www.vitalibera.org\/community\/#organization"},"potentialAction":[{"@type":"SearchAction","target":{"@type":"EntryPoint","urlTemplate":"https:\/\/www.vitalibera.org\/community\/?s={search_term_string}"},"query-input":{"@type":"PropertyValueSpecification","valueRequired":true,"valueName":"search_term_string"}}],"inLanguage":"de"},{"@type":"Organization","@id":"https:\/\/www.vitalibera.org\/community\/#organization","name":"vitalibera.org","url":"https:\/\/www.vitalibera.org\/community\/","logo":{"@type":"ImageObject","inLanguage":"de","@id":"https:\/\/www.vitalibera.org\/community\/#\/schema\/logo\/image\/","url":"https:\/\/www.vitalibera.org\/community\/wp-content\/uploads\/2025\/09\/cropped-banner.png","contentUrl":"https:\/\/www.vitalibera.org\/community\/wp-content\/uploads\/2025\/09\/cropped-banner.png","width":991,"height":150,"caption":"vitalibera.org"},"image":{"@id":"https:\/\/www.vitalibera.org\/community\/#\/schema\/logo\/image\/"},"sameAs":["https:\/\/www.facebook.com\/groups\/2997085857140235"]}]}</script>
<!-- / Yoast SEO plugin. -->

Das Betriebliche Eingliederungsmanagement (BEM) ist ein gesetzlich vorgeschriebenes Verfahren (§ 167 Abs. 2 SGB IX) in Deutschland. Es verpflichtet Arbeitgeber, Beschäftigten, die innerhalb eines Jahres länger als sechs Wochen ununterbrochen oder wiederholt arbeitsunfähig sind, Maßnahmen anzubieten, um Arbeitsunfähigkeit zu überwinden, erneuter vorzubeugen und den Arbeitsplatz zu erhalten.
